*((-21)/(-6) - 3). Suppose -a - 4*u + 41 = 4*a, 5*a = b*u + 9. What is the units digit of a?
5
Suppose 5*w = 3*t - 25 - 296, 0 = t + 3*w - 107. What is the units digit of t?
7
Let w(z) = -z**2 - 7*z - 5. What is the units digit of w(-6)?
1
Let v(f) = -6*f - 1. Let p be v(-1). Let y be (0 + p/1)*11. Suppose -5*i + 0*i = -y. What is the units digit of i?
1
Suppose -5*h = -3*h + 22. Let m = -3 - h. What is the units digit of m?
8
Suppose -33 = 2*v + 23. Let p = 41 + v. What is the tens digit of p?
1
Let w = 252 + 45. What is the units digit of w?
7
Suppose -2*v = -4*w + 156, 4*w - 7*v - 156 = -2*v. What is the tens digit of w?
3
Let n(m) be the first derivative of m**3 - 6*m**2 + 4*m - 2. Let p(s) = -2*s**2 + 11*s - 3. Let g(d) = -3*n(d) - 4*p(d). What is the units digit of g(-7)?
7
Let o = -83 - -129. What is the units digit of o?
6
Let d(z) be the second derivative of z**4/12 - 7*z**3/6 + 4*z**2 + 2*z. Let u be d(6). Suppose -3*v + u = -1. What is the units digit of v?
1
Suppose -2*g + 2 - 4 = 0. What is the units digit of (g - 1)/((-2)/32)?
2
Let h(j) = -j + 7. Let c be h(3). Suppose 0*d + 3*d = 114. Suppose -3*t + c*n = -8*t + 62, -5*t + 4*n = -d. What is the tens digit of t?
1
Suppose -5 = -3*k - 17, -43 = -i + 5*k. What is the tens digit of i?
2
What is the tens digit of 61*((-1 - -4) + -2)?
6
Suppose 3*z = 4*r - 778, -4*r + 997 = -2*z + 217. Suppose -3*q - 2*q = -4*s - r, -4*q + 157 = -3*s. What is the tens digit of q?
4
Suppose -y + 4*i = 14, 4*y - i = 6 - 32. Let f = y + 8. Suppose 2*o + 18 = 2*p + 44, 0 = -f*p - 4. What is the units digit of o?
1
Let c(d) = -d**3 - 8*d**2 - 10*d + 2. Let a be c(-7). Let r be 1/(1*4/(-20)). Let j = a + r. What is the tens digit of j?
1
What is the hundreds digit of 39/(2*(-3)/(-16)) + -1?
1
Let t = -113 + 190. What is the tens digit of t?
7
Suppose m + 3*t = t + 23, 4*m - 5*t - 79 = 0. Let h = -13 + m. What is the units digit of h?
8
Suppose l = -4*h - 0*l + 543, -3*h + 399 = -2*l. What is the tens digit of h?
3
Suppose 4*q + 5*p = 3*q + 62, -p = -5*q + 336. Suppose -25 + q = 7*u. What is the units digit of u?
6
Suppose -4*u = -u, -5*b - 3*u = -745. What is the hundreds digit of b?
1
Let b(l) = l**2 - 6*l + 9. Let p be b(5). What is the tens digit of 28 - (12/(-3) + p)?
2
Let s(y) = 3*y**3 + 4*y**2 - 4*y + 2. Let h be s(2). Let m = -55 + h. Let v = -14 - m. What is the units digit of v?
7
Let l(k) = -7*k**2 + 5*k - 5. Let q(r) = 8*r**2 - 5*r + 5. Let x(i) = -7*l(i) - 6*q(i). What is the units digit of x(6)?
1
Suppose 3*x + 38 = 5*x - 4*a, -2*x + 24 = 3*a. What is the units digit of x?
5
Let x = 439 + -305. What is the units digit of x?
4
Suppose 0 = -2*z - 59 + 209. What is the units digit of z?
5
Suppose -3*b + b = -24. Suppose -2*h + 6*h - b = 0, -h + 21 = 2*z. What is the units digit of z?
9
Suppose 0 = -3*u + 5*u - 52. Suppose -4*p + 0*p - 2*v + u = 0, 4*p - 3*v = 11. Suppose d + p = -4*w, w - 55 = -4*d - 0*w. What is the units digit of d?
5
Let r = -6 - -8. Let c(p) = 2*p**2 - 4*p + 3. What is the units digit of c(r)?
3
Let j(d) = 28*d. What is the tens digit of j(1)?
2
Suppose 2*a = -3*p + 45, 16 = p - 2*a - 7. What is the tens digit of p?
1
Let d(w) = -9 - 8*w**2 + 18*w**3 - 2 + 6*w - w - 17*w**3. What is the tens digit of d(8)?
2
Suppose -5*c = -11 - 29. Suppose 4*b = -0*b - 4. Let o = c + b. What is the units digit of o?
7
Let v(o) = -o + 2. Let p be v(-8). Let z = p - 7. Suppose 2*w - w - 5 = 2*b, -z*b = w. What is the units digit of w?
3
Suppose 0 = 3*w + 5*q - 24, 0 = 6*w - w - 2*q - 9. Suppose 13 - w = 2*k. Suppose 0 = -k*o + 32 + 3. What is the units digit of o?
7
Let x(s) = -s. What is the tens digit of x(-10)?
1
Let p(b) = 4*b**2 + 3*b + 1 + 0 + 1 - 2*b**3 + 3*b**3. What is the units digit of p(-3)?
2
Suppose 329 + 195 = 4*f. What is the hundreds digit of f?
1
Let w(n) = -n**3 + n**2 - 2*n + 24. Let f be w(0). What is the units digit of 6 + -9 + f*1?
1
Let d = -6 - -80. Let m = -41 + d. What is the units digit of m?
3
Let h be 8 + (-3 - (-1 + -2)). Let v = h + 0. What is the units digit of v?
8
Let f be (-3)/(-12) + 91/4. Suppose 5*t - 2 - f = 0. Let q = -1 + t. What is the units digit of q?
4
Suppose 0*o - u - 22 = -5*o, 0 = -5*o + 3*u + 26. What is the units digit of 2/o*(-12)/(-3)?
2
Let x be -2*(-3 - (-6)/3). Let n = x - 0. Suppose -g + 15 = n. What is the tens digit of g?
1
Let v = -29 - -57. What is the units digit of v?
8
Let d = -87 - -102. What is the units digit of d?
5
Suppose -l + 4*c - 9 = 0, 0*l + 80 = -4*l + 5*c. Let q(w) = -w**2 - 12*w. Let d be q(-6). Let b = l + d. What is the units digit of b?
1
What is the units digit of (123/(-6))/(2/(-4))?
1
Suppose -2 = -4*n + 6. Suppose 0*u = -n*u + 60. What is the units digit of (-24)/u*25/(-2)?
0
Let i = 472 - 336. What is the tens digit of -1 + i/12*3?
3
Let a(v) = -2*v - 4. Let b be a(-4). Let p(t) = -t**2 - t + 2. Let q be p(0). Suppose b*x = q*x + 16. What is the units digit of x?
8
Let b = -43 - -16. Let p = -13 - b. Suppose -2*k = 4*g - p, -2*k + 28 = 2*k + g. What is the units digit of k?
7
Suppose 4*g - 3*d + 3 = 0, d - 1 = 4*g - 3*g. Suppose t - 4 = -0*t. Let l = g + t. What is the units digit of l?
4
Let y(s) = s + 3. Let h be y(16). Let d = 2 + h. What is the tens digit of d?
2
Let y(g) = -g + 31. Suppose 3*t + 3 = -o, 2*o + 0*o + 1 = -t. Let d be y(o). Suppose -3*s + 0*s = 5*n - d, 2*n = 5*s. What is the units digit of n?
5
Let i(v) = -v**3 - 9*v**2 + 7*v - 1. Let r(k) = -k**3 - 4*k**2 + k + 2. Let z be r(-3). What is the tens digit of i(z)?
2
Suppose 0*l + l = -2*d + 16, 2*d + 68 = 5*l. What is the tens digit of l?
1
Let g = -67 - -98. Let s = -13 + g. What is the units digit of s?
8
Let o = -349 - -529. What is the units digit of o?
0
Let t be 24/16 - 1/(-2). Suppose 0 = t*j - 5*j + 45. What is the tens digit of j?
1
Suppose -2*a = -5*i - 372, 5*a - 3*a = -i + 360. What is the units digit of a?
1
Let v(z) = -z**3 + 8*z**2 - 5*z - 5. Let q be v(6). Suppose 0 = 3*j - q - 29. What is the units digit of j?
2
Suppose -2*z + 0*z + 10 = 0. Suppose -3*w = 4*p - 17 - 13, 3*w + z*p = 27. What is the tens digit of w?
1
Suppose -2*h - 4 = -3*h. Suppose -h*u + 20 = -3*u. What is the units digit of u?
0
Suppose u = 3*p - 118, 5*u = -3*p + 4*p - 16. What is the tens digit of p?
4
Let b = 25 - -35. What is the units digit of b?
0
Suppose 0*k + 6 = 3*k, 0 = 3*g - 2*k - 323. What is the hundreds digit of g?
1
Let u(a) = -12*a - 46. What is the tens digit of u(-13)?
1
Let q = -5 - -22. What is the tens digit of q?
1
Let l = 10 - 7. Let a(h) = -h**2 + 3*h + 1. What is the units digit of a(l)?
1
Let z = 739 + -416. What is the tens digit of z?
2
What is the units digit of (-3)/18 + 1145/30?
8
Suppose -2*n + 667 = q, -n + 665 = n + 3*q. What is the units digit of n?
4
Let s(u) = 13*u**2 - u. What is the units digit of s(-2)?
4
Let f = 7 - -52. What is the tens digit of f?
5
Let x be (-1)/2*32/(-8). Suppose 24 = x*t - 26. What is the tens digit of t?
2
Let m(u) = -u - 3. Let y be m(-3). Suppose y = -5*i + 57 + 28. What is the units digit of i?
7
Let s = 24 + -13. Let z = 130 - 85. Suppose -s - z = -4*x. What is the units digit of x?
4
Let m be 3 + (2 - 1) + -2. Suppose -m*a + 3 = -3. What is the units digit of a?
3
Suppose 0 = -3*b + 1 + 71. What is the units digit of b?
4
Let b(l) = 2*l**2 + 2*l. Let f = 5 + -3. What is the tens digit of b(f)?
1
Let n(l) = -l**2 + 10*l. What is the tens digit of n(8)?
1
Suppose l - 9 = 3*l + 3*z, -3*l + z - 8 = 0. What is the units digit of (17 + -5)*(-8)/l?
2
Suppose -3*c - 8 = -2, k + 6 = -4*c. Suppose -k*g + 5*x - 11 = 0, 2*g + 3*x - 36 = -g. What is the units digit of g?
7
Let i(z) be the first derivative of z**4/12 + 7*z**3/6 - 5*z**2/2 + 2*z + 2. Let g(m) be the first derivative of i(m). What is the units digit of g(-8)?
3
Suppose -r - 1 = 10. Let v = r - -12. What is the units digit of v?
1
Let j = -24 - -24. Suppose -2*h + 13 + 101 = j. What is the units digit of h?
7
Suppose -128 = -2*q + 4. Suppose 41 = -a + 4*a + 2*v, v = -5*a + q. What is the tens digit of a?
1
Suppose -2*u = -0*u - 6. Suppose 0 = -u*t + t + 30. What is the units digit of t?
5
Let b = -3 + 4. Let g be (1 + b)/((-2)/(-2)). Suppose -2*p + 6 = -3*s - 2, g = s. What is the units digit of p?
7
Suppose 3*o + 9 = -3*n + 4*n, 0 